3233 and 265?
53
What is the greatest common factor of 18 and 60?
6
What is the highest common factor of 6 and 13659?
3
What is the greatest common factor of 13348 and 94?
94
What is the greatest common factor of 24 and 4044?
12
What is the greatest common divisor of 37 and 185?
37
Calculate the greatest common factor of 226 and 3955.
113
Calculate the greatest common factor of 128 and 256.
128
What is the highest common factor of 3552 and 64?
32
Calculate the greatest common divisor of 24 and 348.
12
What is the highest common factor of 14 and 28?
14
Calculate the greatest common factor of 427 and 28.
7
Calculate the greatest common divisor of 99 and 495.
99
What is the greatest common factor of 34 and 20247?
17
Calculate the greatest common factor of 7 and 6.
1
What is the highest common divisor of 493 and 174?
29
Calculate the greatest common factor of 4238 and 13.
13
Calculate the greatest common factor of 513 and 38.
19
What is the highest common factor of 5951 and 22?
11
Calculate the greatest common divisor of 4304 and 48.
16
Calculate the highest common factor of 18 and 90.
18
What is the greatest common divisor of 196 and 8281?
49
What is the greatest common divisor of 234 and 1098?
18
What is the highest common divisor of 156 and 24?
12
Calculate the highest common factor of 253 and 23.
23
What is the greatest common divisor of 30 and 10610?
10
What is the greatest common factor of 16 and 152?
8
What is the greatest common factor of 134 and 335?
67
What is the greatest common factor of 49 and 2520?
7
Calculate the greatest common divisor of 40040 and 924.
308
Calculate the highest common divisor of 32 and 464.
16
What is the highest common divisor of 180 and 40?
20
What is the greatest common factor of 17 and 25?
1
What is the greatest common divisor of 12 and 126?
6
What is the greatest common divisor of 24 and 632?
8
Calculate the greatest common factor of 55 and 880.
55
What is the greatest common divisor of 250 and 27250?
250
What is the highest common divisor of 390 and 1050?
30
What is the highest common divisor of 2238 and 11563?
373
What is the greatest common divisor of 418 and 1102?
38
Calculate the highest common factor of 1652 and 28.
28
Calculate the highest common factor of 9 and 153.
9
Calculate the highest common factor of 8197 and 70.
7
What is the greatest common divisor of 186 and 9951?
93
Calculate the highest common factor of 592 and 925.
37
Calculate the greatest common factor of 21 and 336.
21
What is the greatest common factor of 387 and 2064?
129
What is the greatest common factor of 41 and 41?
41
Calculate the greatest common divisor of 39 and 403.
13
Calculate the greatest common factor of 1 and 16.
1
What is the greatest common factor of 14 and 33824?
14
Calculate the greatest common divisor of 455 and 7.
7
Calculate the highest common factor of 14 and 15218.
14
What is the highest common divisor of 2088 and 3016?
232
What is the greatest common factor of 14 and 742?
14
What is the highest common divisor of 318 and 1431?
159
Calculate the greatest common factor of 5376 and 560.
112
What is the greatest common factor of 2175 and 75?
75
Calculate the greatest common divisor of 297 and 81.
27
Calculate the greatest common factor of 19 and 71801.
19
What is the greatest common divisor of 201 and 6?
3
What is the highest common divisor of 372 and 24?
12
Calculate the highest common divisor of 58 and 203.
29
What is the greatest common factor of 88 and 1485?
11
What is the greatest common factor of 9 and 294?
3
What is the greatest common divisor of 791 and 904?
113
Calculate the greatest common divisor of 1420 and 213.
71
What is the greatest common divisor of 486 and 12?
6
What is the greatest common divisor of 10 and 18?
2
What is the highest common divisor of 64 and 588?
4
What is the greatest common factor of 3 and 307?
1
What is the highest common factor of 142 and 3337?
71
Calculate the highest common divisor of 102 and 3927.
51
What is the highest common divisor of 500 and 4?
4
Calculate the highest common divisor of 8 and 70.
2
What is the greatest common divisor of 680 and 256?
8
What is the highest common divisor of 19305 and 13?
13
Calculate the greatest common factor of 120 and 6360.
120
Calculate the greatest common divisor of 33 and 1089.
33
Calculate the highest common factor of 3 and 45.
3
What is the greatest common divisor of 324 and 132?
12
What is the greatest common divisor of 7 and 7?
7
Calculate the greatest common divisor of 1533 and 567.
21
Calculate the greatest common divisor of 162 and 26.
2
Calculate the greatest common divisor of 4 and 33.
1
Calculate the greatest common factor of 116 and 8.
4
Calculate the greatest common divisor of 1576 and 8.
8
What is the highest common factor of 20 and 260?
20
What is the highest common factor of 385 and 308?
77
What is the greatest common divisor of 398 and 16?
2
What is the greatest common factor of 84 and 462?
42
What is the greatest common factor of 38 and 12806?
38
What is the greatest common divisor of 16 and 1568?
16
Calculate the highest common factor of 264 and 22.
22
Calculate the greatest common divisor of 5 and 695.
5
What is the greatest common divisor of 35 and 770?
35
What is the highest common factor of 210 and 294?
42
What is the highest common divisor of 3239 and 869?
79
Calculate the greatest common factor of 16 and 304.
16
Calculate the greatest common divisor of 44 and 748.
44
Calculate the greatest common divisor of 26 and 664.
2
Calculate the highest common divisor of 64 and 1072.
16
What is the greatest common factor of 208 and 40?
8
What is the greatest common factor of 87515 and 115?
115
Calculate the greatest common divisor of 96 and 12.
12
Calculate the greatest common factor of 148 and 48.
4
What is the highest common divisor of 3774 and 68?
34
Calculate the greatest common divisor of 88 and 19096.
88
What is the greatest common divisor of 9 and 162?
9
Calculate the greatest common divisor of 152 and 190.
38
What is the greatest common factor of 195 and 3380?
65
What is the greatest common factor of 37 and 27713?
37
What is the greatest common divisor of 96 and 6?
6
Calculate the greatest common divisor of 100 and 24200.
100
What is the greatest common factor of 48 and 80?
16
Calculate the greatest common divisor of 66 and 8250.
66
Calculate the highest common factor of 395 and 79.
79
What is the greatest common divisor of 544 and 17?
17
What is the highest common divisor of 840 and 465?
15
Calculate the highest common divisor of 17 and 13787.
17
Calculate the highest common divisor of 19 and 1539.
19
What is the greatest common divisor of 280 and 210?
70
What is the greatest common divisor of 252 and 56?
28
What is the highest common factor of 65 and 455?
65
Calculate the highest common factor of 30 and 10.
10
What is the greatest common factor of 112 and 98?
14
Calculate the highest common factor of 228 and 19.
19
What is the highest common factor of 552 and 138?
138
Calculate the greatest common factor of 25 and 3275.
25
Calculate the highest common factor of 1929 and 3.
3
What is the highest common divisor of 7230 and 150?
30
What is the greatest common factor of 45 and 72?
9
Calculate the highest common divisor of 375 and 240.
15
What is the greatest common divisor of 36 and 12?
12
Calculate the highest common factor of 79 and 1501.
79
What is the greatest common divisor of 611 and 3713?
47
Calculate the highest common divisor of 16 and 149.
1
Calculate the greatest common factor of 48 and 944.
16
Calculate the highest common factor of 561 and 102.
51
What is the highest common factor of 194 and 2?
2
Calculate the greatest common divisor of 58551 and 87.
87
What is the highest common factor of 800 and 25?
25
Calculate the greatest common divisor of 405 and 15.
15
What is the highest common divisor of 1204 and 56?
28
Calculate the greatest common factor of 162 and 270.
54
Calculate the greatest common divisor of 27 and 738.
9
Calculate the highest common divisor of 966 and 46.
46
Calculate the greatest common divisor of 42 and 22848.
42
Calculate the highest common divisor of 1353 and 246.
123
Calculate the greatest common factor of 2261 and 1463.
133
What is the highest common factor of 4 and 25?
1
What i